{"id":2395,"date":"2024-11-25T13:13:53","date_gmt":"2024-11-25T13:13:53","guid":{"rendered":"https:\/\/mobil.icone-interactive.fr\/?post_type=offres-demploi&amp;p=2395"},"modified":"2024-11-25T13:13:53","modified_gmt":"2024-11-25T13:13:53","slug":"assistant-administratif-h-f","status":"publish","type":"offres-demploi","link":"https:\/\/www.mobil-interim.fr\/index.php\/offres-demploi\/assistant-administratif-h-f\/","title":{"rendered":"ASSISTANT ADMINISTRATIF H\/F"},"content":{"rendered":"\n<p>En tant qu\u2019<strong>Assistant Administratif H\/F<\/strong>, vous serez le support cl\u00e9 dans la gestion quotidienne des activit\u00e9s administratives de l\u2019entreprise. Vous interviendrez sur divers domaines, tels que la gestion des documents, la coordination interne et la communication avec les parties prenantes. Votre r\u00f4le consistera \u00e0 assurer une organisation fluide et efficace pour contribuer \u00e0 la performance de l\u2019\u00e9quipe.<\/p>\n","protected":false},"featured_media":0,"template":"","meta":{"_acf_changed":true},"categories":[55],"class_list":["post-2395","offres-demploi","type-offres-demploi","status-publish","hentry","category-tertiaire"],"acf":[],"yoast_head":"<!-- This site is optimized with the Yoast SEO plugin v27.5 - https:\/\/yoast.com\/product\/yoast-seo-wordpress\/ -->\n<title>ASSISTANT ADMINISTRATIF H\/F - Mobil&#039;Interim<\/title>\n<meta name=\"robots\" content=\"index, follow, max-snippet:-1, max-image-preview:large, max-video-preview:-1\" \/>\n<link rel=\"canonical\" href=\"https:\/\/www.mobil-interim.fr\/index.php\/offres-demploi\/assistant-administratif-h-f\/\" \/>\n<meta property=\"og:locale\" content=\"fr_FR\" \/>\n<meta property=\"og:type\" content=\"article\" \/>\n<meta property=\"og:title\" content=\"ASSISTANT ADMINISTRATIF H\/F - Mobil&#039;Interim\" \/>\n<meta property=\"og:description\" content=\"En tant qu\u2019Assistant Administratif H\/F, vous serez le support cl\u00e9 dans la gestion quotidienne des activit\u00e9s administratives de l\u2019entreprise. Vous interviendrez sur divers domaines, tels que la gestion des documents, la coordination interne et la communication avec les parties prenantes. Votre r\u00f4le consistera \u00e0 assurer une organisation fluide et efficace pour contribuer \u00e0 la performance [&hellip;]\" \/>\n<meta property=\"og:url\" content=\"https:\/\/www.mobil-interim.fr\/index.php\/offres-demploi\/assistant-administratif-h-f\/\" \/>\n<meta property=\"og:site_name\" content=\"Mobil&#039;Interim\" \/>\n<meta name=\"twitter:card\" content=\"summary_large_image\" \/>\n<meta name=\"twitter:label1\" content=\"Dur\u00e9e de lecture estim\u00e9e\" \/>\n\t<meta name=\"twitter:data1\" content=\"1 minute\" \/>\n<script type=\"application\/ld+json\" class=\"yoast-schema-graph\">{\"@context\":\"https:\\\/\\\/schema.org\",\"@graph\":[{\"@type\":\"WebPage\",\"@id\":\"https:\\\/\\\/www.mobil-interim.fr\\\/index.php\\\/offres-demploi\\\/assistant-administratif-h-f\\\/\",\"url\":\"https:\\\/\\\/www.mobil-interim.fr\\\/index.php\\\/offres-demploi\\\/assistant-administratif-h-f\\\/\",\"name\":\"ASSISTANT ADMINISTRATIF H\\\/F - Mobil&#039;Interim\",\"isPartOf\":{\"@id\":\"https:\\\/\\\/www.mobil-interim.fr\\\/#website\"},\"datePublished\":\"2024-11-25T13:13:53+00:00\",\"breadcrumb\":{\"@id\":\"https:\\\/\\\/www.mobil-interim.fr\\\/index.php\\\/offres-demploi\\\/assistant-administratif-h-f\\\/#breadcrumb\"},\"inLanguage\":\"fr-FR\",\"potentialAction\":[{\"@type\":\"ReadAction\",\"target\":[\"https:\\\/\\\/www.mobil-interim.fr\\\/index.php\\\/offres-demploi\\\/assistant-administratif-h-f\\\/\"]}]},{\"@type\":\"BreadcrumbList\",\"@id\":\"https:\\\/\\\/www.mobil-interim.fr\\\/index.php\\\/offres-demploi\\\/assistant-administratif-h-f\\\/#breadcrumb\",\"itemListElement\":[{\"@type\":\"ListItem\",\"position\":1,\"name\":\"Accueil\",\"item\":\"https:\\\/\\\/www.mobil-interim.fr\\\/\"},{\"@type\":\"ListItem\",\"position\":2,\"name\":\"ASSISTANT ADMINISTRATIF H\\\/F\"}]},{\"@type\":\"WebSite\",\"@id\":\"https:\\\/\\\/www.mobil-interim.fr\\\/#website\",\"url\":\"https:\\\/\\\/www.mobil-interim.fr\\\/\",\"name\":\"Mobil&#039;Interim\",\"description\":\"\",\"potentialAction\":[{\"@type\":\"SearchAction\",\"target\":{\"@type\":\"EntryPoint\",\"urlTemplate\":\"https:\\\/\\\/www.mobil-interim.fr\\\/?s={search_term_string}\"},\"query-input\":{\"@type\":\"PropertyValueSpecification\",\"valueRequired\":true,\"valueName\":\"search_term_string\"}}],\"inLanguage\":\"fr-FR\"}]}<\/script>\n<!-- \/ Yoast SEO plugin. -->","yoast_head_json":{"title":"ASSISTANT ADMINISTRATIF H\/F - Mobil&#039;Interim","robots":{"index":"index","follow":"follow","max-snippet":"max-snippet:-1","max-image-preview":"max-image-preview:large","max-video-preview":"max-video-preview:-1"},"canonical":"https:\/\/www.mobil-interim.fr\/index.php\/offres-demploi\/assistant-administratif-h-f\/","og_locale":"fr_FR","og_type":"article","og_title":"ASSISTANT ADMINISTRATIF H\/F - Mobil&#039;Interim","og_description":"En tant qu\u2019Assistant Administratif H\/F, vous serez le support cl\u00e9 dans la gestion quotidienne des activit\u00e9s administratives de l\u2019entreprise. Vous interviendrez sur divers domaines, tels que la gestion des documents, la coordination interne et la communication avec les parties prenantes. Votre r\u00f4le consistera \u00e0 assurer une organisation fluide et efficace pour contribuer \u00e0 la performance [&hellip;]","og_url":"https:\/\/www.mobil-interim.fr\/index.php\/offres-demploi\/assistant-administratif-h-f\/","og_site_name":"Mobil&#039;Interim","twitter_card":"summary_large_image","twitter_misc":{"Dur\u00e9e de lecture estim\u00e9e":"1 minute"},"schema":{"@context":"https:\/\/schema.org","@graph":[{"@type":"WebPage","@id":"https:\/\/www.mobil-interim.fr\/index.php\/offres-demploi\/assistant-administratif-h-f\/","url":"https:\/\/www.mobil-interim.fr\/index.php\/offres-demploi\/assistant-administratif-h-f\/","name":"ASSISTANT ADMINISTRATIF H\/F - Mobil&#039;Interim","isPartOf":{"@id":"https:\/\/www.mobil-interim.fr\/#website"},"datePublished":"2024-11-25T13:13:53+00:00","breadcrumb":{"@id":"https:\/\/www.mobil-interim.fr\/index.php\/offres-demploi\/assistant-administratif-h-f\/#breadcrumb"},"inLanguage":"fr-FR","potentialAction":[{"@type":"ReadAction","target":["https:\/\/www.mobil-interim.fr\/index.php\/offres-demploi\/assistant-administratif-h-f\/"]}]},{"@type":"BreadcrumbList","@id":"https:\/\/www.mobil-interim.fr\/index.php\/offres-demploi\/assistant-administratif-h-f\/#breadcrumb","itemListElement":[{"@type":"ListItem","position":1,"name":"Accueil","item":"https:\/\/www.mobil-interim.fr\/"},{"@type":"ListItem","position":2,"name":"ASSISTANT ADMINISTRATIF H\/F"}]},{"@type":"WebSite","@id":"https:\/\/www.mobil-interim.fr\/#website","url":"https:\/\/www.mobil-interim.fr\/","name":"Mobil&#039;Interim","description":"","potentialAction":[{"@type":"SearchAction","target":{"@type":"EntryPoint","urlTemplate":"https:\/\/www.mobil-interim.fr\/?s={search_term_string}"},"query-input":{"@type":"PropertyValueSpecification","valueRequired":true,"valueName":"search_term_string"}}],"inLanguage":"fr-FR"}]}},"_links":{"self":[{"href":"https:\/\/www.mobil-interim.fr\/index.php\/wp-json\/wp\/v2\/offres-demploi\/2395","targetHints":{"allow":["GET"]}}],"collection":[{"href":"https:\/\/www.mobil-interim.fr\/index.php\/wp-json\/wp\/v2\/offres-demploi"}],"about":[{"href":"https:\/\/www.mobil-interim.fr\/index.php\/wp-json\/wp\/v2\/types\/offres-demploi"}],"wp:attachment":[{"href":"https:\/\/www.mobil-interim.fr\/index.php\/wp-json\/wp\/v2\/media?parent=2395"}],"wp:term":[{"taxonomy":"category","embeddable":true,"href":"https:\/\/www.mobil-interim.fr\/index.php\/wp-json\/wp\/v2\/categories?post=2395"}],"curies":[{"name":"wp","href":"https:\/\/api.w.org\/{rel}","templated":true}]}}

<p>En tant qu’<strong>Assistant Administratif H/F</strong>, vous serez le support clé dans la gestion quotidienne des activités administratives de l’entreprise. Vous interviendrez sur divers domaines, tels que la gestion des documents, la coordination interne et la communication avec les parties prenantes. Votre rôle consistera à assurer une organisation fluide et efficace pour contribuer à la performance de l’équipe.</p>

<!-- This site is optimized with the Yoast SEO plugin v27.5 - https://yoast.com/product/yoast-seo-wordpress/ -->
<title>ASSISTANT ADMINISTRATIF H/F - Mobil&#039;Interim</title>
<meta name="robots" content="index, follow, max-snippet:-1, max-image-preview:large, max-video-preview:-1" />
<link rel="canonical" href="https://www.mobil-interim.fr/index.php/offres-demploi/assistant-administratif-h-f/" />
<meta property="og:locale" content="fr_FR" />
<meta property="og:type" content="article" />
<meta property="og:title" content="ASSISTANT ADMINISTRATIF H/F - Mobil&#039;Interim" />
<meta property="og:description" content="En tant qu’Assistant Administratif H/F, vous serez le support clé dans la gestion quotidienne des activités administratives de l’entreprise. Vous interviendrez sur divers domaines, tels que la gestion des documents, la coordination interne et la communication avec les parties prenantes. Votre rôle consistera à assurer une organisation fluide et efficace pour contribuer à la performance [&hellip;]" />
<meta property="og:url" content="https://www.mobil-interim.fr/index.php/offres-demploi/assistant-administratif-h-f/" />
<meta property="og:site_name" content="Mobil&#039;Interim" />
<meta name="twitter:card" content="summary_large_image" />
<meta name="twitter:label1" content="Durée de lecture estimée" />
	<meta name="twitter:data1" content="1 minute" />
<script type="application/ld+json" class="yoast-schema-graph">{"@context":"https:\/\/schema.org","@graph":[{"@type":"WebPage","@id":"https:\/\/www.mobil-interim.fr\/index.php\/offres-demploi\/assistant-administratif-h-f\/","url":"https:\/\/www.mobil-interim.fr\/index.php\/offres-demploi\/assistant-administratif-h-f\/","name":"ASSISTANT ADMINISTRATIF H\/F - Mobil&#039;Interim","isPartOf":{"@id":"https:\/\/www.mobil-interim.fr\/#website"},"datePublished":"2024-11-25T13:13:53+00:00","breadcrumb":{"@id":"https:\/\/www.mobil-interim.fr\/index.php\/offres-demploi\/assistant-administratif-h-f\/#breadcrumb"},"inLanguage":"fr-FR","potentialAction":[{"@type":"ReadAction","target":["https:\/\/www.mobil-interim.fr\/index.php\/offres-demploi\/assistant-administratif-h-f\/"]}]},{"@type":"BreadcrumbList","@id":"https:\/\/www.mobil-interim.fr\/index.php\/offres-demploi\/assistant-administratif-h-f\/#breadcrumb","itemListElement":[{"@type":"ListItem","position":1,"name":"Accueil","item":"https:\/\/www.mobil-interim.fr\/"},{"@type":"ListItem","position":2,"name":"ASSISTANT ADMINISTRATIF H\/F"}]},{"@type":"WebSite","@id":"https:\/\/www.mobil-interim.fr\/#website","url":"https:\/\/www.mobil-interim.fr\/","name":"Mobil&#039;Interim","description":"","potentialAction":[{"@type":"SearchAction","target":{"@type":"EntryPoint","urlTemplate":"https:\/\/www.mobil-interim.fr\/?s={search_term_string}"},"query-input":{"@type":"PropertyValueSpecification","valueRequired":true,"valueName":"search_term_string"}}],"inLanguage":"fr-FR"}]}</script>
<!-- / Yoast SEO plugin. -->

En tant qu’Assistant Administratif H/F, vous serez le support clé dans la gestion quotidienne des activités administratives de l’entreprise. Vous interviendrez sur divers domaines, tels que la gestion des documents, la coordination interne et la communication avec les parties prenantes. Votre rôle consistera à assurer une organisation fluide et efficace pour contribuer à la performance [&hellip;]
